rue
Is 127756333 prime?
False
Is 83355799 composite?
False
Is 2746409 a composite number?
False
Is 12931393 a prime number?
True
Is 363864169 a prime number?
False
Is 54196061 a composite number?
False
Is 16474721 a composite number?
False
Is 11779393 composite?
False
Is 208319479 a composite number?
True
Is 2511779 a prime number?
True
Is 307084979 a prime number?
False
Is 3295991 a prime number?
True
Is 2683309 prime?
False
Is 15923573 composite?
False
Is 775770845 a prime number?
False
Is 1053863 composite?
False
Is 546210827 a prime number?
True
Is 18655199 prime?
True
Is 7629779 prime?
False
Is 2617061 composite?
False
Is 13902023 prime?
True
Is 13573799 a prime number?
False
Is 49419443 a composite number?
False
Is 13183871 prime?
False
Is 2149585 a composite number?
True
Is 14546527 a composite number?
True
Is 1707101 prime?
False
Is 277176677 a composite number?
True
Is 66249037 prime?
True
Is 26871557 prime?
False
Is 833995 a prime number?
False
Is 3047039 prime?
False
Is 8030717 a composite number?
False
Is 14287737 composite?
True
Is 1677707 prime?
True
Is 97433833 a prime number?
False
Is 7647863 prime?
False
Is 7471531 a prime number?
False
Is 4730371 prime?
False
Is 1078351 prime?
False
Is 2793793 a prime number?
True
Is 13855447 composite?
False
Is 3876307 a prime number?
True
Is 1544693 prime?
True
Is 57583913 prime?
False
Is 2535677 a composite number?
True
Is 7596571 prime?
True
Is 15210091 prime?
False
Is 6697619 composite?
False
Is 118103 a composite number?
True
Is 6845411 prime?
False
Is 15860797 composite?
False
Is 75032761 a prime number?
False
Is 129999281 composite?
True
Is 42200947 a prime number?
False
Is 729427739 a composite number?
False
Is 10508959 a prime number?
True
Is 39932377 prime?
False
Is 1295279 prime?
True
Is 9015547 prime?
True
Is 565013 a prime number?
True
Is 487289327 a prime number?
False
Is 3872611 a composite number?
True
Is 301561 composite?
True
Is 187461411 a composite number?
True
Is 43054949 a prime number?
False
Is 6386785 composite?
True
Is 26345582 prime?
False
Is 394086919 composite?
True
Is 58866019 composite?
True
Is 461171 a composite number?
False
Is 1452653 prime?
True
Is 25256933 prime?
False
Is 36378187 a prime number?
True
Is 133278137 prime?
False
Is 39065047 prime?
False
Is 37941493 composite?
True
Is 26239787 a composite number?
True
Is 270009329 prime?
True
Is 41748589 a composite number?
True
Is 9793 a composite number?
True
Is 3630409 a prime number?
False
Is 8324935 a prime number?
False
Is 2176439 prime?
True
Is 6586795 composite?
True
Is 4768327 composite?
True
Is 941543 a prime number?
False
Is 24971489 a composite number?
True
Is 97455379 prime?
False
Is 125443501 a prime number?
True
Is 1969921 prime?
True
Is 70239697 prime?
False
Is 426061 prime?
True
Is 22295767 prime?
False
Is 391023481 composite?
True
Is 41565421 a prime number?
True
Is 3021317 composite?
True
Is 100034573 composite?
True
Is 700417741 prime?
True
Is 1668971 a composite number?
False
Is 2236153 a composite number?
False
Is 10919677 composite?
True
Is 70488235 a composite number?
True
Is 543653689 a prime number?
True
Is 13018157 prime?
False
Is 409759 prime?
False
Is 21456829 prime?
True
Is 736048709 a prime number?
False
Is 1947941 prime?
True
Is 3506101 a prime number?
True
Is 92579171 composite?
True
Is 101960879 prime?
False
Is 29496063 prime?
False
Is 4985359 composite?
False
Is 87311947 a prime number?
False
Is 30747131 prime?
False
Is 8807159 prime?
True
Is 1109723 a composite number?
False
Is 24177631 a prime number?
True
Is 2070119 a prime number?
False
Is 27324917 prime?
True
Is 9792011 prime?
False
Is 39564377 a composite number?
True
Is 109448221 a composite number?
False
Is 2467277 a composite number?
False
Is 468821491 prime?
False
Is 12226727 composite?
False
Is 124755493 composite?
False
Is 3608407 a composite number?
True
Is 3319907 composite?
True
Is 310981373 a composite number?
False
Is 27118363 a prime number?
True
Is 239093963 composite?
True
Is 11950039 a composite number?
False
Is 7910059 a composite number?
True
Is 1147157 prime?
False
Is 269419138 a prime number?
False
Is 189087473 prime?
True
Is 864137 prime?
True
Is 84234019 composite?
False
Is 76730261 prime?
False
Is 71367779 a prime number?
False
Is 5255099 composite?
False
Is 11028377 prime?
True
Is 20972729 composite?
False
Is 5775773 prime?
False
Is 6546733 a composite number?
False
Is 15362273 a prime number?
True
Is 3025849 a composite number?
False
Is 63572603 a composite number?
False
Is 5328215 a prime number?
False
Is 64316281 prime?
True
Is 7351987 prime?
True
Is 137164547 prime?
False
Is 18548869 composite?
False
Is 34185093 composite?
True
Is 6475019 composite?
False
Is 845839 a composite number?
True
Is 12302093 composite?
True
Is 320297854 prime?
False
Is 480993413 a prime number?
True
Is 92944671 prime?
False
Is 199952134 composite?
True
Is 410335823 prime?
True
Is 10999031 a prime number?
False
Is 5211113 composite?
True
Is 654035 composite?
True
Is 18483433 prime?
False
Is 330383 a prime number?
True
Is 3892951 a prime number?
True
Is 25538449 prime?
False
Is 22456589 composite?
False
Is 131640083 prime?
True
Is 3749269 prime?
False
Is 1290827 a prime number?
False
Is 87058087 prime?
False
Is 114376291 a prime number?
True
Is 1476454415 prime?
False
Is 68075947 composite?
False
Is 19174633 a composite number?
True
Is 224312987 a composite number?
False
Is 8932343 prime?
False
Is 110221 a composite number?
False
Is 19585549 prime?
False
Is 1395898111 prime?
True
Is 16378223 prime?
False
Is 599883 prime?
False
Is 1521827 prime?
False
Is 20966467 composite?
True
Is 30080821 a composite number?
False
Is 17902411 composite?
True
Is 5493091 a composite number?
True
Is 5090743 a composite number?
True
Is 3249397 prime?
False
Is 6096383 a prime number?
True
Is 176569721 a prime number?
False
Is 2027374 composite?
True
Is 132040973 a prime number?
False
Is 76194481 a composite number?
True
Is 6596927 composite?
False
Is 492221527 prime?
False
Is 1642699 a composite number?
False
Is 18358883 prime?
False
Is 456979 a prime number?
True
Is 132942377 a prime number?
False
Is 639859 a composite number?
True
Is 14690197 prime?
True
Is 450411067 prime?
True
Is 7198229 a composite number?
True
Is 1143541 a prime number?
False
Is 15576839 a prime number?
True
Is 21675517 prime?
False
Is 15181651 prime?
True
Is 39686945 a prime number?
False
Is 18475297 a composite number?
True
Is 1232171 a prime number?
True
Is 251741527 prime?
True
Is 144985739 composite?
True
Is 1659535 composite?
True
Is 24841 a composite number?
False
Is 66170183 prime?
True
Is 10519451 prime?
False
Is 18574853 composite?
True
Is 80939065 composite?
True
Is 713041 a composite number?
True
Is 489493 prime?
True
Is 2751853 prime?
False
Is 537585901 a composite number?
False
Is 995801 a prime number?
True
Is 12868697 a composite number?
False
Is 33454241 a composite number?
False
Is 73351051 a composite number?
False
Is 118061093 a composite number?
True
Is 3746423 a composite number?
True
Is 3853153 a composite number?
True
Is 24128717 a composite number?
True
Is 8695079 composite?
False
Is 51334165 composite?
True
Is 22002017 a prime number?
False
Is 1165174 prime?
False
Is 11093991 composite?
True
Is 10918499 a composite number?
False
Is 16416989 prime?
True
Is 10961 composite?
True
Is 11413531 a composite number?
False
Is 501487667 a prime number?
True
Is 291829 a composite number?
False
Is 334779 prime?
False
Is 4082277 a prime number?
False
Is 6304882 prime?
False
Is 4392881 prime?
True
Is 701837 a prime number?
True
Is 16899137 composite?
False
Is 63716881 a composite number?
True
Is 270091 a prime number?
False
Is 189141689 composite?
True
Is 10836899 a prime number?
False
Is 7726969 composite?
True
Is 10539289 a composite number?
True
Is 387647 a composite number?
True
Is 1476791 a prime number?
True
Is 73447631 prime?
True
Is 72863093 a composite number?
False
Is 3028631 a prime number?
False
Is 340507901 composite?
False
Is 425922403 composite?
True
Is 37783415 composite?
True
Is 508035529 a prime number?
False
Is 19718297 a prime number?
True
Is 43496413 composite?
False
Is 25997009 a prime number?
True
Is 325177 prime?
False
Is 4773